/k - 3/12?
6
Let k(c) = -c**3 - 14*c**2 + 14*c - 15. Let u be k(-15). Suppose -4*n + 4 = -u*n. What is the units digit of n?
1
Suppose -15960 = -23*d + 26130. What is the tens digit of d?
3
Let o(k) = -k - 5. Let u be o(-9). Suppose v - u*l = -14, 3*l + l - 18 = -v. Suppose v*f = 22 - 8. What is the units digit of f?
7
Let k be (120/(-7))/(-3) + (-6)/(-21). What is the tens digit of ((-784)/(-24))/(2/k)?
9
Let p = 36 + -34. Suppose 4*b - l = p*l + 189, -4*l + 4 = 0. What is the units digit of b?
8
Let k(w) = -44*w - 174. What is the tens digit of k(-16)?
3
Let a(f) be the third derivative of f**5/60 - 5*f**4/24 - f**3/3 + 34*f**2. What is the units digit of a(9)?
4
Let b(f) = 17*f + 835. What is the units digit of b(0)?
5
Let z(q) = 2*q**3 + q**2 - 2*q + 3. Let n be z(2). Let v = 0 + n. Suppose -k - u = -v + 1, k = -3*u + 16. What is the units digit of k?
9
Let f be 2*((-147)/6 - 2). Let j = -29 - f. What is the tens digit of j?
2
Let f(a) = 7*a**3 - 8*a**2 + 19*a - 144. What is the units digit of f(6)?
4
Let q = 15 + -31. Let b = q - -18. What is the units digit of 1866/36 - b/(-12)?
2
Let x = 180 + -163. What is the tens digit of x?
1
Suppose -4*u = -4*v + 15396, -69*v + 4*u = -70*v + 3854. What is the hundreds digit of v?
8
Let p(q) = -3*q**3 - 22*q**2 + 6*q + 2. What is the tens digit of p(-12)?
4
Let w = 642 - 16. What is the hundreds digit of w?
6
Suppose -3*h - 122 = -2*o + 2*h, -4*h = -4*o + 220. Suppose -2*y + 21 + o = 0. Suppose 0 = 10*f - 8*f - y. What is the units digit of f?
8
Let r(x) be the second derivative of -x**3/6 + x**2 + 3*x. Let h be r(-2). What is the tens digit of 24/5*30/h?
3
Suppose -5*a = -a - 48. Let l be 537/a - 3/(-12). Let n = l - 31. What is the units digit of n?
4
Let z(m) = -m + 246. What is the hundreds digit of z(0)?
2
Suppose -310 = 2*y + r, 0 = 3*y - r - 3*r + 487. Let m = y + 229. What is the tens digit of m?
7
Let i be 30*(4/8 - 1). What is the units digit of (-9)/63 + i/(-7)?
2
Suppose -55 = -n + 37. Suppose 0 = -2*t - 4*z + n, -3*t = -z - 0*z - 103. Suppose 17 = l + 2*b, -4*b + 145 - t = 5*l. What is the tens digit of l?
2
Let j be 8/64*-4 - (-1037)/2. Suppose -5*d + j + 248 = 3*k, 0 = d + 4. What is the hundreds digit of k?
2
Let q(z) = -17*z - 19*z**2 - 14 + 1 - 16*z**2 + 34*z**2. What is the tens digit of q(-15)?
1
Suppose 3*v + 10 = -2*c, -3*c - 22 = 5*v - 5*c. Let f(m) = -m**2 - 6*m - 1. What is the units digit of f(v)?
7
Let t be 9/(-2)*(-3 - (-982)/(-6)). Suppose 7*f + t = 13*f. What is the hundreds digit of f?
1
Let w be ((-18)/27)/(4/(-54)). Suppose 0 = -8*v + w*v - 147. What is the hundreds digit of v?
1
Let l = -32 - -37. Suppose 5 + l = 5*u. What is the tens digit of ((-7)/(-14))/(u/284)?
7
Let q(b) = -370*b + 1. Let d be q(1). What is the units digit of 2/7 - d/7?
3
Suppose 35*p - 282 = 34*p. What is the units digit of p?
2
Let x = 6 - 3. Let p be -1 - 3*1/x. What is the tens digit of (p - 7)/(-3)*4?
1
Suppose -7*m + 32 = 4. What is the units digit of (2/3)/(m/294)?
9
Let j = 50 + -25. What is the units digit of 10/(j/5) - -58?
0
Let n(x) = -x**3 + 3*x**2 + 5*x. Let k be n(6). Let b = 99 + k. What is the units digit of b?
1
Let o(b) = -b**3 - 3*b**2 - 10*b. Suppose 2*j - p - 6 = 4*p, 5*j + 27 = 2*p. What is the hundreds digit of o(j)?
2
Let h = -22 + 22. Suppose 4*z - j - 6 = h, z - 3*z = -2*j. Suppose 24 = 2*l + y, z*l + 3*y + 32 = 4*l. What is the tens digit of l?
1
Suppose 0 = -215*f + 206*f + 9000. What is the thousands digit of f?
1
Let h be 336/(-49)*(-9 + 2). Let b be 181/6 + (-8)/h. Let y = 61 - b. What is the tens digit of y?
3
Let g = 36 - 99. Let k = g + 171. What is the tens digit of k?
0
Let g = 216 - 198. What is the tens digit of g?
1
Suppose 6*s + 10 = s, 0 = 4*i - 5*s - 74. Let p(j) = -2*j**2 + 36*j - 22. What is the tens digit of p(i)?
4
Let f = -4 + 7. Suppose f*p - 3*k = 2*k + 7, -p + 2*k + 2 = 0. What is the units digit of p + (4 - (2 + 1))?
5
Suppose -4*r + 0*r = -60. Let s be ((-10)/r)/((-4)/(-12)). What is the tens digit of ((-6)/(-6))/(s/(-60))?
3
Suppose 4 = 4*l - 2*l + 4*t, -4*l - 3*t + 13 = 0. Suppose l = -3*f + 7*f. Let p(o) = 72*o**2 + o - 1. What is the tens digit of p(f)?
7
Let c(d) = -34*d + 44. What is the units digit of c(-14)?
0
Let a(d) = -d**3 + 15*d**2 + 5*d + 90. What is the units digit of a(8)?
8
Suppose -3*u + 2568 = 444. What is the units digit of u?
8
Let t = 216 - 65. Suppose x + 33 - t = 0. What is the tens digit of x?
1
Suppose 22*a + 15*a - 101861 = 0. What is the thousands digit of a?
2
Suppose -127 + 403 = 4*w. Suppose 7*o + 3*o = 7*o. Suppose k - 4*k + w = o. What is the tens digit of k?
2
Suppose 0 = -3*r + 4*x + 45, 5*x = -0*x. Let f = 17 - r. Suppose 27 + 45 = f*c. What is the units digit of c?
6
Let h(l) = 19*l - 5. Let u be h(4). Suppose -68 = -4*r - 3*k, 7*r - 11*r + 72 = 2*k. Suppose -u = -3*t - r. What is the tens digit of t?
1
Let u be (-6)/(-3 - (-6)/4). Suppose -5*r = 2*y - 77, 9*r = 5*y + u*r - 245. Suppose -4*l = -y - 38. What is the units digit of l?
1
Suppose -u + 0 - 3 = -2*j, -15 = -3*u. Suppose -3*f = -j*f + 3. What is the units digit of f?
3
Let t be (((-231)/9)/(-7))/(1/(-45)). Let n = t + 318. What is the hundreds digit of n?
1
Suppose 3*f + 4*m - 111 = 5210, -5*f - 4*m = -8871. What is the units digit of f?
5
Suppose -1657 = -9*d + 278. What is the units digit of d?
5
Suppose 2*h + 52 = 4*n, 9*n - 10*n = -5*h - 13. Let f(w) = 13*w + 27. What is the tens digit of f(n)?
9
Let w(m) be the first derivative of m**4/12 + m**3/6 - 2*m**2 + 7*m - 9. Let b(q) be the first derivative of w(q). What is the units digit of b(4)?
6
Let b(m) = 401*m**3 + m**2 - 1. Let l be b(-2). What is the hundreds digit of l/(-15) + 2/(-3)?
2
Let s(w) = -w + 2. Let l be s(-8). Let o be ((-15)/25)/((-2)/l). Suppose o*u = 17 - 5. What is the units digit of u?
4
Let g be (-63)/28*(-64)/6. Suppose 7*i - 8*i = -g. Suppose 5*f = 3*n - 48 - 4, n = -5*f + i. What is the tens digit of n?
1
Let p = 101 + -101. Suppose 22 - 189 = -4*r + g, p = -r - 2*g + 53. What is the tens digit of r?
4
Let b = 14 - 9. Suppose -b*w = -2*p - 40 - 657, -5*w - 4*p + 691 = 0. What is the hundreds digit of w?
1
Suppose 0 = 5*b + 15*l - 18*l - 8768, 0 = -b - 3*l + 1750. What is the units digit of b?
3
Let l = 8 - 13. Let o = l + 128. What is the tens digit of o?
2
What is the tens digit of 12/3 + 69*40/30?
9
Let r = 3872 - 2428. What is the thousands digit of r?
1
Let n(o) = o**3 - 20*o**2 - 20*o - 24. What is the units digit of n(22)?
4
Let z(x) = -x. Let m(r) = -8*r + 22. Let u(w) = -m(w) + 5*z(w). What is the units digit of u(10)?
8
Let l(q) = q + 4. Let f(h) = -3*h - 22. Let u be f(-8). Let w be l(u). Let a(o) = 3*o**2 - 7*o + 2. What is the units digit of a(w)?
8
What is the tens digit of (7*2/(-21))/((-2)/243)?
8
Let f = 27 - 56. Let c be (-4)/((-3)/(3/10))*115. Let l = c + f. What is the units digit of l?
7
Suppose -2*p - 4*f + f = 7, -3*p - 4*f = 8. Suppose -2*l + 4*l - 5*k = 31, -8 = 4*l + p*k. What is the units digit of l?
3
Suppose 3*r = 5*q - 20327, 2*q = 5*q + 2*r - 12200. What is the tens digit of q?
6
Let g(w) = w**3 + 13*w**2 - 16*w - 20. Let i be g(-14). Suppose 4*n + i = 0, b + b + 2*n = 360. What is the units digit of b?
2
Let r(h) = -3*h**2 + h**3 + 0*h**2 - 3*h - 11 + 8*h**2 + 0*h. Let x be r(-5). Let q(a) = a**3 - a**2 - 8*a - 4. What is the units digit of q(x)?
2
Let q be 82*((-6)/(-1))/12. What is the units digit of (-26 - -30)/(4/q)?
1
Let d = 659 - 561. What is the tens digit of d?
9
Let l be (1/(-3))/(1/(-219)). Suppose 6*r - l - 95 = 0. What is the units digit of r?
8
Suppose -10*k + 5160 + 12850 = 0. What is the units digit of k?
1
Suppose 2*f + 3*m - 2123 = 0, 4*m + 245 = 5*f - 5097. What is the thousands digit of f?
1
Suppose -2905 = 5*a - 520. Let j = a - -782. What is the tens digit of j/15 + 2/(-6)?
2
What is the hundreds digit of 212*-6*1/(-12)?
1
Let o(z) = 11*z**2 - z + 9. What is the tens digit of o(-9)?
0
Suppose 3*r = b - 21, 5*b - b = -r - 20. Let q = r - -56. What is the tens digit of q?
4
Let q = 424 - -89. What is the tens digit of q?
1
Let w = 1345 + -925. Suppose 0 = 27*l - 22*l - w. What is the tens digit of l?
8
Suppose -2*d + 396 = -d - 2*z, 3*z = 0. What is the hundreds digit of d?
3
Let i(f) = f**2 + 10*f + 25. Let r be i(